 of 21?
True
Is 148551 a multiple of 169?
True
Is 821 a factor of 20639940?
True
Is 3 a factor of 13239?
True
Is 485284 a multiple of 6?
False
Does 404 divide 23392?
False
Is 749880 a multiple of 120?
True
Does 7 divide 2392537?
True
Is 5137344 a multiple of 16?
True
Is 137700 a multiple of 54?
True
Does 19 divide 53048?
True
Does 8 divide 4614406?
False
Is 7 a factor of 510419?
True
Is 298540 a multiple of 129?
False
Is 4014372 a multiple of 165?
False
Is 250 a factor of 458250?
True
Does 2058 divide 22927951?
False
Is 93 a factor of 1640148?
True
Is 1171905 a multiple of 3?
True
Is 56 a factor of 151343?
False
Is 25 a factor of 1035920?
False
Does 64 divide 236074?
False
Does 41 divide 753474?
False
Does 24 divide 8681660?
False
Is 822024 a multiple of 168?
True
Is 637992 a multiple of 216?
False
Does 437 divide 118529?
False
Does 235 divide 192605?
False
Does 5 divide 137006?
False
Is 61 a factor of 1097451?
True
Does 93 divide 5711569?
False
Is 17 a factor of 64969?
False
Is 2329161 a multiple of 30?
False
Is 5 a factor of 570145?
True
Is 3 a factor of 2711063?
False
Does 49 divide 277732?
True
Is 132 a factor of 24923?
False
Is 112 a factor of 190559?
False
Is 168 a factor of 13270084?
False
Is 7959519 a multiple of 68?
False
Does 9 divide 9093?
False
Is 20 a factor of 14235092?
False
Does 4 divide 4888?
True
Is 34 a factor of 372002?
False
Is 7 a factor of 23450?
True
Is 1392935 a multiple of 36?
False
Does 71 divide 12481?
False
Does 5 divide 5397320?
True
Does 18 divide 905167?
False
Is 170964 a multiple of 306?
False
Is 40461 a multiple of 13?
False
Is 78 a factor of 62322?
True
Is 231 a factor of 148868?
False
Is 7513045 a multiple of 13?
False
Is 29982 a multiple of 9?
False
Is 178064 a multiple of 124?
True
Is 79103 a multiple of 6?
False
Does 54 divide 44014?
False
Is 6 a factor of 1265841?
False
Is 78 a factor of 904254?
True
Is 4 a factor of 229864?
True
Does 45 divide 7582579?
False
Does 137 divide 7928183?
False
Is 12 a factor of 414993?
False
Is 234 a factor of 1124898?
False
Is 27 a factor of 331428?
False
Is 1376863 a multiple of 14?
False
Is 1138046 a multiple of 9?
False
Is 4 a factor of 13156879?
False
Is 4863565 a multiple of 17?
False
Is 262 a factor of 508280?
True
Is 3508672 a multiple of 584?
True
Does 364 divide 367391?
False
Is 31 a factor of 35583?
False
Is 36 a factor of 42773?
False
Is 204426 a multiple of 36?
False
Is 222240 a multiple of 293?
False
Does 12 divide 166452?
True
Is 430 a factor of 279500?
True
Is 96 a factor of 211968?
True
Is 21888510 a multiple of 90?
False
Does 7 divide 8915?
False
Is 8090005 a multiple of 21?
False
Is 20 a factor of 2616146?
False
Is 300 a factor of 7169580?
False
Is 2112 a multiple of 16?
True
Is 2513875 a multiple of 85?
True
Is 94 a factor of 112928?
False
Is 32 a factor of 145344?
True
Does 113 divide 216968?
False
Is 40 a factor of 10109?
False
Does 61 divide 551745?
True
Is 300 a factor of 466200?
True
Is 410845 a multiple of 100?
False
Is 512909 a multiple of 353?
True
Does 269 divide 126968?
True
Does 6 divide 180319?
False
Does 3 divide 73142?
False
Is 590 a factor of 4341620?
False
Does 228 divide 8356014?
False
Is 33716507 a multiple of 24?
False
Is 130 a factor of 3023800?
True
Is 37 a factor of 17279?
True
Is 16022 a multiple of 14?
False
Is 101688 a multiple of 456?
True
Does 16 divide 11586?
False
Is 54 a factor of 175431?
False
Is 101284 a multiple of 3?
False
Does 29 divide 700321?
True
Is 42 a factor of 389231?
False
Does 17 divide 455991?
True
Is 347 a factor of 221733?
True
Is 4127942 a multiple of 481?
True
Does 24 divide 2348400?
True
Does 1183 divide 3887338?
True
Does 2 divide 1119827?
False
Does 26 divide 22267?
False
Is 1052 a factor of 610236?
False
Does 439 divide 1558895?
False
Does 48 divide 794669?
False
Is 65 a factor of 110240?
True
Is 853938 a multiple of 125?
False
Does 128 divide 10289572?
False
Does 134 divide 1303016?
True
Is 137369 a multiple of 10?
False
Is 327560 a multiple of 10?
True
Does 754 divide 271440?
True
Does 10 divide 353838?
False
Is 250 a factor of 630854?
False
Does 72 divide 775800?
True
Is 1897294 a multiple of 60?
False
Is 9676414 a multiple of 239?
False
Is 14 a factor of 214377?
False
Is 60870 a multiple of 35?
False
Does 18 divide 24732?
True
Does 291 divide 191346?
False
Is 950049 a multiple of 333?
True
Is 83727 a multiple of 69?
False
Is 1142054 a multiple of 146?
False
Does 149 divide 12904145?
True
Does 5 divide 339140?
True
Does 3 divide 3487001?
False
Is 250 a factor of 1207085?
False
Is 103600 a multiple of 14?
True
Is 15 a factor of 2452374?
False
Is 290439 a multiple of 279?
True
Does 136 divide 2894488?
True
Does 301 divide 12213?
False
Is 34 a factor of 513759?
False
Does 577 divide 850498?
True
Is 2938987 a multiple of 3?
False
Does 17 divide 159637?
False
Does 57 divide 1559503?
False
Is 696229 a multiple of 31?
True
Is 217783 a multiple of 3?
False
Is 1202 a factor of 7482450?
True
Is 254072 a multiple of 182?
True
Does 301 divide 1716371?
False
Does 1042 divide 12888619?
False
Is 18 a factor of 8563626?
True
Is 1430434 a multiple of 23?
False
Is 18798 a multiple of 22?
False
Is 23458046 a multiple of 40?
False
Does 74 divide 139638?
True
Is 4864870 a multiple of 484?
False
Is 391 a factor of 216614?
True
Does 69 divide 44352?
False
Does 6 divide 597342?
True
Is 9 a factor of 835619?
False
Is 361 a factor of 871454?
True
Does 11 divide 70669?
False
Is 209 a factor of 2762956?
False
Is 594 a factor of 544278?
False
Is 10231166 a multiple of 22?
True
Is 17508 a multiple of 12?
True
Is 12 a factor of 117482?
False
Is 16267095 a multiple of 207?
True
Does 3 divide 1658293?
False
Is 51574 a multiple of 107?
True
Does 232 divide 4348608?
True
Is 1476 a factor of 3360852?
True
Does 54 divide 8712570?
False
Is 40356 a multiple of 57?
True
Is 158832 a multiple of 144?
True
Is 3307017 a multiple of 21?
True
Is 325127 a multiple of 4?
False
Does 14 divide 247401?
False
Is 63 a factor of 2396583?
True
Is 36 a factor of 296926?
False
Is 226404 a multiple of 37?
False
Is 3558221 a multiple of 5?
False
Is 20001476 a multiple of 1658?
False
Is 1639092 a multiple of 26?
True
Is 27 a factor of 151902?
True
Is 8620683 a multiple of 17?
True
Is 839 a factor of 19434178?
False
Is 1436781 a multiple of 16?
False
Is 352 a factor of 236544?
True
Does 6 divide 140366?
False
Is 3 a factor of 393333?
True
Does 37 divide 56610?
True
Is 12 a factor of 2342537?
False
Is 18435339 a multiple of 39?
True
Does 84 divide 4024047?
False
Is 441256 a multiple of 153?
False
Does 7 divide 264677?
True
Is 560625 a multiple of 23?
True
Is 2183604 a multiple of 3?
True
Does 9 divide 65475?
True
Is 61537 a multiple of 59?
True
Is 1318283 a multiple of 142?
False
Does 402 divide 514962?
True
Is 266113 a multiple of 10?
False
Does 32 divide 223610?
False
Does 59 divide 6369404?
True
Is 144540 a multiple of 10?
True
Is 1270885 a multiple of 11?
True
Is 121 a factor of 12663?
False
Is 162 a factor of 20574?
True
Is 192576 a multiple of 32?
True
Is 98348 a multiple of 90?
False
Is 53 a factor of 184015?
False
Does 81 divide 2627235?
True
Is 55 a factor of 6353536?
False
Does 25 divide 1180750?
True
Does 707 divide 7334418?
True
Does 28 divide 121457?
False
Is 13 a factor of 8534604?
True
Is 429 a factor of 1658085?
True
Is 503048 a multiple of 104?
True
Is 127 a factor of 1143381?
True
Is 1462017 a multiple of 48?
False
Does 1426 divide 8775604?
True
Is 1847799 a multiple of 578?
False
Is 3 a factor of 603312?
True
Is 207 a factor of 162238?
False
Does 31 divide 454956?
True
Is 141 a factor of 197250?
False
Is 4 a factor of 174040?
True
Is 218191 a multiple of 5?
False
Does 37 divide 150183?
True
Is 9660792 a multiple of 2102?
True
Does 62 divide 79440?
False
Is 13 a factor of 7939373?
True
Is 1310 a factor of 1566320?
False
Is 1150 a factor of 1804350?
True
Is 5161680 a multiple of 321?
True
Is 26 a factor of 6744816?
True
Is 60 a factor of 1061556?
False
Does 22 divide 107008?
True
Is 29 a factor of 1558924?
True
Is 46 a factor of 101154?
True
Is 165859 a multiple of 31?
False
Is 16 a factor of 951728?
True
Is 2369510 a multiple of 636?
False
Is 1115928 a multiple of 91?
False
Is 152145 a multiple of 207?
True
Is 392 a factor of 49406?
False